
Suppose 5*s - 25 = 0, 0 = -2*t + t - 5*s + 30. Let u(o) = 0*o - 7*o**2 - 5*o + t*o. Suppose b - j + 0 = 1, 2*j = -b - 5. Determine u(b).
-7
Suppose -4*v = -5*l - 45, -39*l + 25 = 3*v - 41*l. Let z(a) be the second derivative of 0 + 1/6*a**3 - a + 0*a**2. What is z(v)?
5
Let j(c) be the first derivative of -c**3/3 - c**2/2 - 2*c + 16. Determine j(0).
-2
Let v(s) = 6*s**3 - 2*s**2 - 6*s - 9. Let h(a) = -7*a**3 + 3*a**2 + 7*a + 10. Let c(m) = -5*h(m) - 6*v(m). What is c(-3)?
1
Let l(d) = -d**2 - d. Let i(j) = -3*j**2 - 2*j + 1. Let f(n) = -i(n) + 2*l(n). Suppose 0 = -h - 4*h + 20. Let r be 5*1 - (-2 + h). Give f(r).
8
Let n(j) = j**3 + j**2 - 14. Suppose -5*p - 5*u + 16 - 1 = 0, 3*u - 9 = 2*p. Give n(p).
-14
Let t(o) be the first derivative of o**2/2 - 6*o + 7. Suppose -37 = -5*j - 4*u, -2*j + 3*j = -u + 8. Give t(j).
-1
Let m(d) = 8*d - 1. Let p(y) = -23*y + 3. Let q(a) = -17*m(a) - 6*p(a). Determine q(-2).
-5
Let j(i) be the third derivative of -i**7/840 + i**6/120 + i**5/30 + i**4/6 + i**3/2 + 5*i**2. Let u(f) be the first derivative of j(f). Calculate u(4).
4
Suppose 16 + 2 = 3*o. Suppose 5*t + 48 = 4*c + 2*t, 3*c - t = 31. Let f = o - c. Let a(j) = j**2 + 5*j + 3. Give a(f).
-3
Let t(n) = -n - 2. Let i(z) = -4*z**3 + 2*z**2 - 1. Let s be i(1). Let f(q) = q + 1. Let u be f(s). Determine t(u).
0
Suppose -3*l = 2*l - 5*d + 15, 0 = d - 1. Let o(p) be the first derivative of -3*p**2/2 + p - 1. What is o(l)?
7
Let k(h) = 2*h**2 - 5*h**3 + 0*h**2 - 2*h**3 - h. Let t = -1 - -3. Suppose -t = -u - 1. Give k(u).
-6
Let k(h) be the first derivative of -3*h - 4 + 3/2*h**2 - h**3 + 1/4*h**4. Calculate k(2).
-1
Suppose 2*t = -t + l - 8, -2*t = -2*l + 4. Let g(b) = 0*b + b - 4*b. Calculate g(t).
9
Let o = -14 + 20. Let r be ((-77)/(-33))/((-2)/o). Let i(u) = u**3 + 7*u**2 + u + 5. Determine i(r).
-2
Let f(s) = -3 + 4*s - s - 2*s. Let m(p) = -p**3 - 3*p - 2. Let c be m(-1). Give f(c).
-1
Let p(x) = x**3 - 4*x**2 + x**2 - 3 + 10*x**2 + 5*x. Suppose -48 = 7*j + j. Determine p(j).
3
Let i(l) = -l + 1 - 2 + 2*l. Let j = -246 + 240. Calculate i(j).
-7
Let y(b) = -b**2 + 5*b - 4. Suppose -2*u = 2*c - 12, 2*c - u = c. Suppose -9 = c*m - 21. Calculate y(m).
0
Let f(k) be the third derivative of k**5/60 - k**4/8 + 2*k**3/3 - 37*k**2 - k. Let u = 4 + -1. Suppose -8 = -u*c + 1. What is f(c)?
4
Suppose -z = -3, -7*d + 3*d = -2*z + 18. Let k(o) = 7*o**3 + 4*o**2 - 13*o + 7. Let q(i) = -3*i**3 - 2*i**2 + 6*i - 3. Let l(a) = 2*k(a) + 5*q(a). What is l(d)?
-4
Let d(m) = m - 2. Let f = 47 + -33. Let c = 21 - f. Give d(c).
5
Let k(a) be the first derivative of -a**2/2 + 3*a + 1. Let r = 0 + 3. Calculate k(r).
0
Suppose 3*m + 5*d = -17, 4*m - 21 - 3 = 5*d. Let u(j) = -6*j**2 - 3*j + 1. Let z(i) = -6*i**2 - 4*i + 1. Let g(s) = -4*u(s) + 3*z(s). Calculate g(m).
5
Let x(r) = -r**2 - 13*r - 7. Let f be x(-13). Let c(o) = -o**2 - 7*o + 2. Determine c(f).
2
Let k = -2 - -12. Let x = -6 + k. Let h be (20/16)/((-1)/x). Let l(t) = t**3 + 5*t**2 - 2*t - 7. Calculate l(h).
3
Let y(a) be the second derivative of 0 - 1/3*a**3 - 1/6*a**4 + 3/2*a**2 - 3*a. Give y(2).
-9
Let d = 16 - 16. Suppose d = -m - 0*m. Let z(g) = -g. Let q(t) = -5*t + 11. Let o(r) = q(r) - 6*z(r). Calculate o(m).
11
Suppose -2*c + 24 = -0*c. Suppose 0 = 5*i + 3*n + 2*n - 20, -i = 3*n - c. Suppose 0 = q - i*q. Let t(z) = z + 6. Calculate t(q).
6
Suppose -13 - 2 = -3*m. Let h(d) = 3. Let k(s) = s + 7. Let l(y) = -7*h(y) + 2*k(y). Give l(m).
3
Let f(j) = j**2 + 6 - 9*j - 2 + 3*j. Let s = -2 + 7. Suppose s*r + 20 = 0, -4*p - r - 4*r = 0. Calculate f(p).
-1
Let x(a) be the first derivative of a + 1 + 1/2*a**2. Let s(j) = -j**2 + 3. Let i be s(0). What is x(i)?
4
Let i(h) = -3*h - 3. Let f(u) = -2*u - 3. Let s(b) = 4*f(b) - 3*i(b). Let a be s(5). Let j(v) = v**3 - 3*v**2 + 4*v - 3. Determine j(a).
1
Let w(b) = 2*b - 4 - 4*b - b. Let u(z) = -3*z + 7. Let k(v) = -4*v + 6. Let r(q) = 2*k(q) - 3*u(q). Let l be r(5). Calculate w(l).
8
Let k(l) = -6*l**2 - 2*l - 1. Let n = -130 + 129. Determine k(n).
-5
Let g(p) be the third derivative of 0 + 1/3*p**3 + p**2 + 0*p + 1/8*p**4 + 1/60*p**5. Let a be 32/(-24)*(-6)/(-4). Calculate g(a).
0
Let r(d) = -3*d**2 - 2*d + 2. Let f be (7 - 6)*(-14)/(-2). Suppose -12 = 4*g - 4*a, 3*g - 7*g - f = a. Let t be r(g). Let k(q) = q + 4. Calculate k(t).
-2
Let b be (-2)/7 - 9/(-7). Suppose 0*d + d = 2. Let z(i) = -3*i**2 + i + d*i**2 - i**2. Determine z(b).
-1
Let k be 3 + 0*4/(-12). Suppose -11 = -4*t - d, -6*t + t + d + 25 = 0. Let g(w) = t - 2*w + 0*w + 0*w. What is g(k)?
-2
Let g = -17 + 19. Let f(d) = -6*d + 1. What is f(g)?
-11
Let w(d) = -11*d**3 - 10*d**2 - 18*d - 23. Let f(l) = 4*l**3 + 3*l**2 + 6*l + 8. Let s(n) = -8*f(n) - 3*w(n). Let x(b) = -b**2 - 5. Let i be x(0). Give s(i).
0
Suppose 13 = -h + 7. Let y(d) = -2*d - 7. Determine y(h).
5
Let w(f) = -6 - 2*f + 5 + 2 + f. Determine w(5).
-4
Let s(g) = g**3 + 4*g**2 - 7*g - 5. Let j be s(-5). Let f(n) = 5*n + n**2 - 3 + j + 3. Give f(-4).
1
Let b(r) = 4*r. Let l(h) = h + 1. Let f be l(-2). What is b(f)?
-4
Let o = 255 + -253. Let a(r) = -r + 2. Let c(m) = -m + 3. Let s = 7 + -12. Let n(f) = s*c(f) + 7*a(f). Determine n(o).
-5
Let j(y) = -y**3 + 7*y**2 + 2*y - 8. Let k(x) = x - 4. Let v be 0 - 22/(3 - 5). Let f be k(v). What is j(f)?
6
Let y(k) = k**2 - 11*k - 8. Let l(t) = -6*t**2 + 55*t + 41. Let q(a) = -2*l(a) - 11*y(a). Give q(-11).
6
Let t(j) = -4*j + 4. Suppose 0 = 12*v - 8*v - 12. Calculate t(v).
-8
Let w(d) = 1 - d**2 + 2 - 2*d + d. Suppose 6*j = 2*j + 20. Suppose -5*l + j = -10. Determine w(l).
-9
Let q(h) = 6*h**2 + h**2 - 4 - 8*h**2 + 4*h. Let v be ((-1)/(-4) - 1)/(39/(-156)). Determine q(v).
-1
Let c(t) be the third derivative of -t**6/120 + t**5/10 - t**4/12 - 10*t**2. Calculate c(6).
-12
Let w be (1 - -3)/((-1)/1). Let b = 24 - 19. Let z(k) = 5*k**2 - 4*k**2 + b*k - 8 + 9. Give z(w).
-3
Let b(c) be the third derivative of 3*c**5/20 - c**3/6 - 2*c**2. Let k = 0 + -1. Calculate b(k).
8
Let q = 9 + -5. Suppose -8 = 4*p, 2*m + q + 4 = -5*p. Let z(g) = -5*g**2 + m + 4*g - 6*g + 3*g. Calculate z(-1).
-5
Let h(f) be the third derivative of -f**4/6 + f**3/3 + f**2. Let z(w) = w + 2. Let p be z(-2). Suppose -2*u - 2*u = -2*a - 2, p = -2*u + 5*a - 11. Give h(u).
-6
Let o(g) = 2*g + 1. Let q(t) = -t - 10. Let d be q(-12). What is o(d)?
5
Let h(r) be the first derivative of 2*r**3/3 + r**2/2 - r - 3. Let i be h(1). Suppose -i*o + 5 = -7*o. Let a(x) = -3*x**3 + 2*x + 1. Determine a(o).
2
Suppose 2*g = -3*n - 2*n + 18, 0 = 5*g - 20. Let o(w) = 4 - w - 2*w + 2*w + n*w. What is o(5)?
9
Let s(g) = -4 - 6*g**2 + 11*g - 4 + 5*g**2. What is s(9)?
10
Let a(m) = -m + 7. Let v(o) = -3*o + 20. Let t(l) = 17*a(l) - 6*v(l). Let y be (4/(-3))/((-8)/12). Let b = -1 + y. Determine t(b).
0
Suppose t + 5*h - 78 = 0, t + 4*h = -t + 186. Let v(f) = -f**2 - 100 + 8*f + t - f. Calculate v(7).
3
Let s(t) = 4*t**2 + 3*t**2 + 4 + t**3 + 0*t + t - t**2. What is s(-6)?
-2
Let u(m) be the third derivative of 0*m - 1/30*m**5 + 1/3*m**3 + 0 + 0*m**4 + m**2. Let n(x) = x + 1. Let j be n(-3). What is u(j)?
-6
Let a(n) be the first derivative of n**4/4 + 5*n**3/3 - 2*n**2 + 6*n - 6. What is a(-6)?
-6
Let p(f) = 4*f - 3*f - 3*f. What is p(3)?
-6
Let g(j) = j - 7. Let s be 14/(3 - (2 + -1)). Let c be g(s). Let m(i) = -i - 3. Let w be m(c). Let t(q) = q**2 + 5*q + 2. Determine t(w).
-4
Let m(x) be the third derivative of 0*x - 3*x**2 - 3/2*x**3 + 0 - 1/24*x**4. What is m(-5)?
-4
Let u = 8 + -12. Let n(q) = -q**3 - 4*q**2 - 2*q - 3. Let d be n(u). Let o(a) = -2 - d*a + 2 + 3. Give o(2).
-7
Let z(s) be the third derivative of -s**6/120 - s**5/20 + s**4/24 + s**3/2 + s**2. Suppose -12 = 7*q + 9. Give z(q).
0
Suppose 9 = 3*c - 2*g, -3*g - 3 - 4 = 2*c. Let p(o) = 2*o**2 + 7*o**3 - 3*o**3 + 1 + 3*o**3 - 2*o. Give p(c).
8
Suppose x + 3 - 17 = -4*l, -5*x + 19 = 3*l. Suppose q + 5 = -2*p, 3*q - 5*p - 26 = 14. Let o(k) = 4*k - 3*k - q + 1. Give o(l).
-1
Let q(m) be the first derivative of -11*m**4/2 - m - 20. What is q(1)?
-23
Let r(k) = -3*k - 1. Let t be 22/(-12) - (-7)/(-42). What is r(t)?
5
Let c(j) be the third derivative of -j**5/60 + 5*j**4/24 - j**3/2 - 2*j**2. Suppose 2*m + 0 = 10. Suppose m = 2*f - f. Calculate c(f).
-3
Let g(l) be the second derivative of -1/6*l**3 + 3/2